e the greatest common divisor of 119 and 133.
7
What is the greatest common divisor of 7 and 264?
1
Calculate the highest common divisor of 179 and 32399.
179
Calculate the greatest common factor of 8 and 6644.
4
Calculate the highest common factor of 63 and 2877.
21
Calculate the highest common factor of 3325 and 399.
133
Calculate the greatest common divisor of 23 and 1886.
23
What is the highest common factor of 3128 and 102?
34
Calculate the greatest common factor of 49 and 1421.
49
What is the highest common divisor of 6 and 726?
6
Calculate the highest common divisor of 27 and 54.
27
What is the greatest common divisor of 1256 and 8?
8
Calculate the highest common factor of 51 and 969.
51
What is the greatest common divisor of 120 and 15?
15
What is the greatest common factor of 9937 and 19?
19
What is the greatest common divisor of 15008 and 67?
67
What is the highest common divisor of 312 and 1040?
104
Calculate the greatest common divisor of 356 and 3382.
178
What is the greatest common factor of 2387 and 539?
77
Calculate the highest common divisor of 128 and 4304.
16
Calculate the greatest common factor of 1920 and 210.
30
Calculate the greatest common divisor of 1037 and 61.
61
What is the highest common factor of 2400 and 2640?
240
Calculate the greatest common divisor of 245 and 1015.
35
What is the greatest common factor of 3382 and 38?
38
Calculate the greatest common divisor of 21 and 756.
21
Calculate the highest common divisor of 20 and 446.
2
What is the greatest common divisor of 4968 and 184?
184
What is the greatest common divisor of 6076 and 1372?
196
What is the highest common factor of 18 and 342?
18
What is the highest common factor of 372 and 36580?
124
What is the highest common divisor of 195 and 6500?
65
What is the greatest common factor of 16 and 176?
16
Calculate the greatest common factor of 441 and 27.
9
What is the highest common factor of 18 and 16938?
18
Calculate the highest common factor of 77 and 91.
7
What is the highest common factor of 4312 and 264?
88
What is the greatest common divisor of 43 and 473?
43
What is the greatest common divisor of 684 and 540?
36
What is the greatest common divisor of 19 and 6859?
19
Calculate the greatest common divisor of 6 and 7602.
6
What is the highest common divisor of 64396 and 68?
68
Calculate the highest common factor of 536 and 67.
67
What is the greatest common divisor of 30 and 69?
3
What is the greatest common factor of 13 and 637?
13
Calculate the greatest common divisor of 55 and 616.
11
Calculate the highest common divisor of 112 and 2896.
16
What is the highest common divisor of 413 and 59?
59
What is the highest common divisor of 768 and 7584?
96
Calculate the highest common divisor of 259 and 148.
37
What is the highest common factor of 63790 and 10?
10
Calculate the greatest common factor of 420 and 189.
21
What is the greatest common divisor of 16 and 848?
16
What is the greatest common divisor of 270 and 162?
54
What is the highest common divisor of 26 and 533?
13
Calculate the highest common divisor of 950 and 40.
10
What is the greatest common factor of 1122 and 143?
11
Calculate the highest common divisor of 102 and 3791.
17
Calculate the greatest common factor of 504 and 108.
36
What is the greatest common factor of 608 and 32?
32
Calculate the greatest common factor of 53 and 106.
53
What is the highest common factor of 1335 and 540?
15
What is the highest common divisor of 5625 and 45?
45
What is the highest common factor of 78 and 1416?
6
What is the highest common factor of 28413 and 7?
7
What is the greatest common factor of 2225 and 1025?
25
What is the highest common divisor of 396 and 1548?
36
Calculate the highest common divisor of 672 and 105.
21
What is the greatest common divisor of 20 and 124?
4
What is the highest common factor of 83 and 83?
83
What is the highest common factor of 4278 and 465?
93
Calculate the greatest common factor of 26 and 130.
26
What is the highest common factor of 408 and 1176?
24
Calculate the highest common factor of 100 and 25.
25
Calculate the greatest common factor of 1160 and 1.
1
Calculate the greatest common divisor of 3047 and 1385.
277
Calculate the greatest common divisor of 4 and 1308.
4
Calculate the greatest common factor of 170 and 21250.
170
What is the highest common divisor of 1053 and 81?
81
Calculate the highest common divisor of 34 and 442.
34
What is the greatest common divisor of 40 and 50?
10
Calculate the greatest common divisor of 60 and 280.
20
What is the greatest common divisor of 1430 and 4160?
130
What is the highest common factor of 516 and 1014?
6
What is the highest common divisor of 15466 and 22?
22
Calculate the highest common divisor of 845 and 1352.
169
What is the greatest common factor of 6144 and 1056?
96
What is the greatest common divisor of 9 and 36?
9
What is the highest common divisor of 1512 and 672?
168
Calculate the greatest common divisor of 176 and 144.
16
Calculate the greatest common factor of 1980 and 550.
110
Calculate the highest common factor of 16 and 1536.
16
What is the greatest common factor of 168 and 60?
12
Calculate the greatest common divisor of 29 and 16559.
29
What is the greatest common divisor of 736 and 3496?
184
Calculate the greatest common divisor of 125 and 325.
25
What is the highest common factor of 34 and 136?
34
What is the greatest common divisor of 70 and 28?
14
What is the greatest common factor of 88 and 24?
8
Calculate the greatest common divisor of 330 and 66.
66
Calculate the highest common divisor of 31 and 341.
31
What is the greatest common divisor of 9820 and 20?
20
Calculate the greatest common factor of 73 and 4307.
73
Calculate the highest common divisor of 7914 and 24.
6
What is the greatest common factor of 216 and 288?
72
What is the greatest common divisor of 77 and 49?
7
What is the highest common divisor of 78 and 1677?
39
Calculate the highest common divisor of 272 and 17.
17
What is the greatest common divisor of 168 and 434?
14
What is the greatest common factor of 185 and 13505?
185
What is the greatest common factor of 702 and 27?
27
Calculate the greatest common divisor of 40 and 1480.
40
What is the highest common divisor of 374 and 136?
34
What is the highest common factor of 186 and 36518?
62
What is the greatest common divisor of 48 and 564?
12
Calculate the greatest common divisor of 4 and 36.
4
Calculate the greatest common divisor of 140 and 28.
28
What is the greatest common divisor of 50 and 80?
10
Calculate the highest common divisor of 26 and 7787.
13
Calculate the greatest common factor of 50 and 1025.
25
Calculate the greatest common divisor of 44 and 1100.
44
What is the highest common factor of 3609 and 27?
9
Calculate the highest common divisor of 2645 and 345.
115
What is the highest common divisor of 16 and 496?
16
Calculate the highest common factor of 1199 and 44.
11
What is the greatest common divisor of 1048 and 240?
8
Calculate the highest common divisor of 9028 and 296.
148
Calculate the greatest common divisor of 944 and 48.
16
What is the highest common divisor of 132 and 748?
44
Calculate the greatest common divisor of 1 and 37.
1
What is the greatest common divisor of 123 and 287?
41
Calculate the highest common divisor of 329 and 141.
47
Calculate the highest common factor of 618 and 14523.
309
What is the highest common divisor of 4806 and 9?
9
What is the greatest common factor of 22 and 1298?
22
What is the highest common divisor of 16 and 5048?
8
What is the greatest common factor of 1220 and 20?
20
What is the greatest common divisor of 345 and 46?
23
What is the greatest common factor of 1360 and 360?
40
Calculate the highest common divisor of 14886 and 72.
18
Calculate the highest common divisor of 3064 and 4.
4
What is the greatest common factor of 145 and 1943?
29
What is the highest common divisor of 232 and 2813?
29
What is the highest common divisor of 38 and 1558?
38
Calculate the greatest common factor of 54 and 594.
54
What is the highest common divisor of 105 and 36645?
105
Calculate the highest common divisor of 13440 and 35.
35
What is the greatest common divisor of 20 and 276?
4
Calculate the highest common factor of 69 and 5037.
69
Calculate the highes